91011 prime?
True
Is 22171535 a composite number?
True
Is 1459583 a composite number?
False
Is 1852513 a prime number?
False
Is 6071503 a prime number?
True
Is 496511 a prime number?
True
Is 6544861 a composite number?
False
Is 62857247 composite?
False
Is 303727781 composite?
True
Is 56776043 a prime number?
True
Is 6987259 a prime number?
False
Is 20100055 prime?
False
Is 100649 prime?
True
Is 37167661 a prime number?
False
Is 281470193 composite?
True
Is 2626567 a composite number?
False
Is 1159159 composite?
True
Is 370122943 composite?
False
Is 38434345 composite?
True
Is 2900891 a prime number?
False
Is 64287137 composite?
False
Is 13017931 a composite number?
True
Is 158326739 prime?
True
Is 1299624379 prime?
False
Is 16632439 a composite number?
True
Is 74864971 a prime number?
True
Is 15462869 a prime number?
True
Is 4148564351 prime?
True
Is 2219251 composite?
False
Is 2298319 a composite number?
True
Is 23244413 prime?
True
Is 39020789 composite?
False
Is 2914823 prime?
False
Is 115554269 a prime number?
True
Is 367475981 a prime number?
False
Is 37404677 a prime number?
True
Is 6654967 composite?
True
Is 12991021 a prime number?
False
Is 25885513 composite?
True
Is 70208999 a prime number?
False
Is 14854589 a composite number?
True
Is 360958319 a prime number?
True
Is 1608073 a composite number?
True
Is 2438641 composite?
True
Is 74867509 prime?
False
Is 213185443 prime?
False
Is 1507457 a prime number?
False
Is 3408593 prime?
True
Is 32398607 a composite number?
False
Is 1299731 a composite number?
True
Is 15746545 a composite number?
True
Is 10056509 a composite number?
False
Is 327304871 prime?
False
Is 4920595 a prime number?
False
Is 8668267 a composite number?
False
Is 450710129 composite?
True
Is 4909679 composite?
False
Is 14739311 a prime number?
True
Is 5319161 prime?
True
Is 2336417 a prime number?
False
Is 1383359 composite?
False
Is 71813849 a prime number?
True
Is 21393623 composite?
False
Is 6161899 composite?
False
Is 830276489 a prime number?
False
Is 3085727 a composite number?
False
Is 4605379 a prime number?
False
Is 20641441 composite?
True
Is 31439147 a prime number?
False
Is 10595603 a prime number?
True
Is 4116917 prime?
False
Is 151729 a composite number?
False
Is 8163017 prime?
True
Is 58739399 a prime number?
False
Is 10930901 a composite number?
True
Is 55283801 a prime number?
True
Is 1509479 prime?
False
Is 3399547 composite?
True
Is 21065761 prime?
False
Is 4078609 a prime number?
True
Is 12948427 prime?
True
Is 378517499 a prime number?
True
Is 4299821 a composite number?
False
Is 440663323 a prime number?
False
Is 1900420019 composite?
False
Is 568961 a composite number?
True
Is 9578249 composite?
False
Is 102933101 a composite number?
False
Is 38863735 a composite number?
True
Is 4478587 a composite number?
True
Is 147607 a prime number?
True
Is 76370003 a composite number?
True
Is 3191783 prime?
False
Is 32675161 a composite number?
True
Is 640909163 a prime number?
False
Is 11638721 a composite number?
False
Is 305439703 a composite number?
True
Is 5477609 a prime number?
False
Is 40715137 a prime number?
True
Is 1852321 a composite number?
True
Is 2946497 a composite number?
True
Is 671203 a prime number?
False
Is 10625201 prime?
False
Is 492377 a composite number?
False
Is 8464243 a composite number?
True
Is 63553037 a composite number?
False
Is 1005570565 composite?
True
Is 124400995 a prime number?
False
Is 11627377 a prime number?
False
Is 28236773 a composite number?
True
Is 1528099 a composite number?
True
Is 432654563 composite?
True
Is 54422803 prime?
True
Is 1793064623 a composite number?
True
Is 32202869 composite?
False
Is 14688361 a composite number?
False
Is 26735347 prime?
True
Is 493798783 composite?
True
Is 24846117 prime?
False
Is 127706401 a composite number?
True
Is 1694813 a composite number?
True
Is 10707341 a composite number?
False
Is 1104017 a composite number?
False
Is 669252329 a composite number?
False
Is 1390069 a composite number?
False
Is 9863891 prime?
False
Is 45148381 a composite number?
True
Is 13844681 prime?
False
Is 4636901 a prime number?
False
Is 17551355 a composite number?
True
Is 7825199 a prime number?
True
Is 188632993 a composite number?
True
Is 17084647 a prime number?
True
Is 1898353 composite?
False
Is 906039553 prime?
False
Is 10062737 composite?
False
Is 4686031 composite?
True
Is 221924213 a prime number?
False
Is 19702193 prime?
False
Is 181780319 prime?
False
Is 7243109 composite?
False
Is 85715267 prime?
False
Is 44579 a prime number?
True
Is 209628893 composite?
False
Is 2689277 prime?
True
Is 2601167 prime?
True
Is 93558541 composite?
False
Is 14230129 composite?
True
Is 14230213 a composite number?
True
Is 19172561 a composite number?
True
Is 55753123 prime?
False
Is 15682889 a prime number?
True
Is 328138103 composite?
True
Is 3967429 composite?
False
Is 1777813 a prime number?
False
Is 237114583 prime?
True
Is 125885807 composite?
False
Is 2630309 a prime number?
False
Is 66196621 a prime number?
True
Is 5152646 a composite number?
True
Is 1286881 a prime number?
True
Is 15429259 prime?
False
Is 15217981 composite?
True
Is 1749758 a prime number?
False
Is 5806679 a composite number?
True
Is 16463921 a prime number?
False
Is 606261 prime?
False
Is 1700981 composite?
False
Is 278153653 composite?
False
Is 8572309 a prime number?
True
Is 1055453 a composite number?
True
Is 6285761 a composite number?
False
Is 1688591 a prime number?
False
Is 402086599 a prime number?
True
Is 27869723 composite?
True
Is 2624899 composite?
False
Is 162530399 prime?
True
Is 14252243 a prime number?
True
Is 8308851 prime?
False
Is 4637279 composite?
True
Is 72421757 composite?
False
Is 5300063 a prime number?
True
Is 12650711 prime?
True
Is 9894211 composite?
False
Is 6132089 prime?
True
Is 1937119 prime?
False
Is 1909241 a prime number?
True
Is 53666779 a composite number?
True
Is 16051283 a composite number?
False
Is 132312289 composite?
True
Is 217662329 a prime number?
False
Is 28188569 a prime number?
True
Is 100129 a prime number?
True
Is 21656251 a composite number?
False
Is 3633866 a composite number?
True
Is 1013657 prime?
False
Is 59252107 composite?
True
Is 498008261 prime?
False
Is 150195443 a composite number?
True
Is 108628294 a composite number?
True
Is 16284469 a composite number?
True
Is 10737367 a prime number?
False
Is 16606727 a prime number?
True
Is 4260745 a prime number?
False
Is 209689 composite?
True
Is 80340331 composite?
True
Is 74817151 prime?
True
Is 1976363 prime?
False
Is 147684995 prime?
False
Is 211862069 a composite number?
False
Is 137194 a prime number?
False
Is 637222966 prime?
False
Is 3627115 a prime number?
False
Is 85449449 a prime number?
True
Is 32235487 a prime number?
True
Is 13330553 prime?
True
Is 2362019 composite?
True
Is 1322837 a composite number?
True
Is 37100533 a prime number?
False
Is 786307 composite?
False
Is 1605509 a composite number?
False
Is 3486055 a composite number?
True
Is 3935 prime?
False
Is 46346347 a composite number?
True
Is 1382993 prime?
False
Is 3083515 composite?
True
Is 38786183 composite?
True
Is 3078319 a composite number?
True
Is 10835449 a composite number?
False
Is 3781754 a prime number?
False
Is 334751 a composite number?
False
Is 162989137 a composite number?
False
Is 3711221 prime?
True
Is 15253129 a composite number?
False
Is 49858819 composite?
True
Is 2624209 prime?
False
Is 5401553 a prime number?
True
Is 215117907 a composite number?
True
Is 29703853 a prime number?
True
Is 162074327 prime?
False
Is 12049 prime?
True
Is 46577039 a composite number?
False
Is 76316627 a prime number?
False
Is 7345607 composite?
False
Is 192649421 a prime number?
False
Is 67943737 a composite number?
False
Is 540102221 prime?
True
Is 7999345 composite?
True
Is 1252445 composite?
True
Is 15833914 a composite number?
True
Is 15931871 prime?
False
Is 61198003 composite?
False
Is 26728249 a composite number?
False
Is 5640599 a prime number?
True
Is 868541 a composite number?
True
Is 43615949 a prime number?
False
Is 138049 prime?
False
Is 2195321 prime?
False
Is 3775859 composite?
False
Is 25068077 composite?
True
Is 13128103 prime?
True
Is 5926199 a composite number?
False
Is 113272091 prime